{"id":5182,"date":"2020-05-07T21:53:21","date_gmt":"2020-05-07T19:53:21","guid":{"rendered":"http:\/\/biomimicry.eu\/forets\/?page_id=5182"},"modified":"2025-05-17T11:03:59","modified_gmt":"2025-05-17T09:03:59","slug":"equipe","status":"publish","type":"page","link":"https:\/\/biomimicry.eu\/forets\/equipe\/","title":{"rendered":"L&#8217;association et l&#8217;\u00e9quipe"},"content":{"rendered":"\n<section class=\"wp-block-uagb-section uagb-section__wrap uagb-section__background-image uagb-block-37722ae0\"><div class=\"uagb-section__overlay\"><\/div><div class=\"uagb-section__inner-wrap\">\n<p>..<br><br><br>.<\/p>\n<\/div><\/section>\n\n\n\n<section class=\"wp-block-uagb-section uagb-section__wrap uagb-section__background-undefined uagb-block-d372723f\"><div class=\"uagb-section__overlay\"><\/div><div class=\"uagb-section__inner-wrap\">\n<p class=\"has-large-font-size\"><strong>L&#8217;association et l&#8217;\u00e9quipe<\/strong><\/p>\n<\/div><\/section>\n\n\n\n<section class=\"wp-block-uagb-section uagb-section__wrap uagb-section__background-none uagb-block-78cf5b62\"><div class=\"uagb-section__overlay\"><\/div><div class=\"uagb-section__inner-wrap\">\n<p class=\"has-text-align-left has-medium-font-size\">L&#8217;association <em>For\u00eats Commune<\/em>s, anciennement &#8220;Comit\u00e9 fran\u00e7ais de Biomimicry Europa&#8221;, a \u00e9t\u00e9 fond\u00e9e \u00e0 Paris en 2010 par des \u00e9cologues, ing\u00e9nieurs agronomes et transitionneurs de toutes origines. Elle vise la promotion du biomim\u00e9tisme et l&#8217;innovation durable inspir\u00e9e du vivant. <\/p>\n\n\n\n<p class=\"has-text-align-left has-medium-font-size\">Elle a d\u00e9velopp\u00e9 en 2011 le programme <em>Arbres Sauveurs<\/em>, bas\u00e9 sur les arbres oxalog\u00e8nes d\u00e9couverts dans le projet de recherche europ\u00e9en CO2SolStock. Ce programme, avec le soutien du CEEBIOS, est alors devenu le c\u0153ur d&#8217;activit\u00e9 de l&#8217;association. C&#8217;est ce qui a conduit \u00e0 notre changement de nom et d&#8217;objet en 2020.<\/p>\n\n\n\n<p class=\"has-text-align-left has-medium-font-size\">L&#8217;\u00e9quipe se compose du bureau, de deux coordinateurs, de volontaires et stagiaires. Elle fait r\u00e9guli\u00e8rement appel \u00e0 des projets dans le cadre des cursus d&#8217;\u00e9tude d&#8217;AgroParisTech et de Sciences Po. Nous les remercions tout.e.s pour leur engagement pr\u00e9cieux.<\/p>\n\n\n\n<div class=\"wp-block-uagb-info-box uagb-block-13929699 uagb-infobox__content-wrap  uagb-infobox-icon-left uagb-infobox-left uagb-infobox-stacked-tablet uagb-infobox-image-valign-top uagb-infobox__outer-wrap\"><div class=\"uagb-ifb-icon-wrap\"><svg xmlns=\"https:\/\/www.w3.org\/2000\/svg\" viewbox=\"0 0 512 512\"><path d=\"M224 320c0 17.69 14.33 32 32 32h64c17.67 0 32-14.31 32-32s-14.33-32-32-32h-64C238.3 288 224 302.3 224 320zM267.6 256H352c17.67 0 32-14.31 32-32s-14.33-32-32-32h-80v40C272 240.5 270.3 248.5 267.6 256zM272 160H480c17.67 0 32-14.31 32-32s-14.33-32-32-32h-208.8C271.5 98.66 272 101.3 272 104V160zM320 416c0-17.69-14.33-32-32-32H224c-17.67 0-32 14.31-32 32s14.33 32 32 32h64C305.7 448 320 433.7 320 416zM202.1 355.8C196 345.6 192 333.3 192 320c0-5.766 1.08-11.24 2.51-16.55C157.4 300.6 128 269.9 128 232V159.1C128 151.2 135.2 144 143.1 144S160 151.2 159.1 159.1l0 69.72C159.1 245.2 171.3 271.1 200 271.1C222.1 271.1 240 254.1 240 232v-128C240 81.91 222.1 64 200 64H136.6C103.5 64 72.03 80 52.47 106.8L26.02 143.2C9.107 166.5 0 194.5 0 223.3V312C0 387.1 60.89 448 136 448h32.88C163.4 438.6 160 427.7 160 416C160 388.1 178 364.6 202.1 355.8z\"><\/path><\/svg><\/div><div class=\"uagb-ifb-content\"><div class=\"uagb-ifb-title-wrap\"><\/div><p class=\"uagb-ifb-desc\">Envie de contribuer au programme ? <br>Contactez-nous, nous serons plus qu&#8217;heureux d&#8217;accueillir de nouveaux profils enthousiastes.<\/p><\/div><\/div>\n<\/div><\/section>\n\n\n\n<section class=\"wp-block-uagb-section uagb-section__wrap uagb-section__background-undefined uagb-block-dc550c7d\"><div class=\"uagb-section__overlay\"><\/div><div class=\"uagb-section__inner-wrap\">\n<h3 class=\"has-text-align-left\">Bureau<\/h3>\n\n\n\n<div class=\"wp-block-uagb-container uagb-block-22b8562a alignfull uagb-is-root-container\"><div class=\"uagb-container-inner-blocks-wrap\"><\/div><\/div>\n\n\n\n<div class=\"wp-block-media-text alignwide is-stacked-on-mobile\" style=\"grid-template-columns:15% auto\"><figure class=\"wp-block-media-text__media\"><img loading=\"lazy\" width=\"1024\" height=\"1024\" src=\"https:\/\/biomimicry.eu\/forets\/wp-content\/uploads\/2021\/12\/CarolineZaoui-1024x1024.jpg\" alt=\"\" class=\"wp-image-7076 size-medium\" srcset=\"https:\/\/biomimicry.eu\/forets\/wp-content\/uploads\/2021\/12\/CarolineZaoui-1024x1024.jpg 1024w, https:\/\/biomimicry.eu\/forets\/wp-content\/uploads\/2021\/12\/CarolineZaoui-300x300.jpg 300w, https:\/\/biomimicry.eu\/forets\/wp-content\/uploads\/2021\/12\/CarolineZaoui-150x150.jpg 150w, https:\/\/biomimicry.eu\/forets\/wp-content\/uploads\/2021\/12\/CarolineZaoui-768x769.jpg 768w, https:\/\/biomimicry.eu\/forets\/wp-content\/uploads\/2021\/12\/CarolineZaoui-1534x1536.jpg 1534w, https:\/\/biomimicry.eu\/forets\/wp-content\/uploads\/2021\/12\/CarolineZaoui-2046x2048.jpg 2046w\" sizes=\"(max-width: 1024px) 100vw, 1024px\" \/><\/figure><div class=\"wp-block-media-text__content\">\n<p class=\"has-small-font-size\"><strong>Pr\u00e9sidente<\/strong><\/p>\n\n\n\n<h5>Caroline Zaoui<\/h5>\n\n\n\n<p>Caroline est co-fondatrice et directrice scientifique de Novobiom. Elle se consacre \u00e0 la &#8220;biorem\u00e9diation&#8221; : comment des micro-organismes peuvent fournir \u00e0 l&#8217;industrie des solutions bas\u00e9es sur la nature pour la gestion des d\u00e9chets, le respect des sols et de l&#8217;eau. Caroline est devenue pr\u00e9sidente de For\u00eats Communes en 2021 apr\u00e8s un mandat de 10 ans de Philippe Desbrosses.<\/p>\n<\/div><\/div>\n\n\n\n<div class=\"wp-block-media-text alignwide is-stacked-on-mobile\" style=\"grid-template-columns:15% auto\"><figure class=\"wp-block-media-text__media\"><img loading=\"lazy\" width=\"300\" height=\"264\" src=\"https:\/\/biomimicry.eu\/forets\/wp-content\/uploads\/2020\/07\/chloelequette2-e1595876513924-300x264.jpg\" alt=\"\" class=\"wp-image-6158 size-medium\" srcset=\"https:\/\/biomimicry.eu\/forets\/wp-content\/uploads\/2020\/07\/chloelequette2-e1595876513924-300x264.jpg 300w, https:\/\/biomimicry.eu\/forets\/wp-content\/uploads\/2020\/07\/chloelequette2-e1595876513924-768x675.jpg 768w, https:\/\/biomimicry.eu\/forets\/wp-content\/uploads\/2020\/07\/chloelequette2-e1595876513924.jpg 819w\" sizes=\"(max-width: 300px) 100vw, 300px\" \/><\/figure><div class=\"wp-block-media-text__content\">\n<p class=\"has-small-font-size\"><strong>Secr\u00e9taire<\/strong><\/p>\n\n\n\n<h5>Chlo\u00e9 Lequette<\/h5>\n\n\n\n<p>Designer, biomim\u00e9ticienne et illustratrice, Chlo\u00e9 a rejoint l&#8217;association en 2013 et a coordonn\u00e9 le projet en Ha\u00efti de 2015 \u00e0 2018. Elle travaille avec le Ceebios, tout en continuant de nous apporter ses nombreux talents et son expertise inestimable dans son r\u00f4le de secr\u00e9taire.<\/p>\n<\/div><\/div>\n\n\n\n<div class=\"wp-block-media-text alignwide is-stacked-on-mobile\" style=\"grid-template-columns:15% auto\"><figure class=\"wp-block-media-text__media\"><img loading=\"lazy\" width=\"200\" height=\"200\" src=\"https:\/\/biomimicry.eu\/forets\/wp-content\/uploads\/2020\/07\/francoisplessis.jpg\" alt=\"\" class=\"wp-image-6146 size-medium\" srcset=\"https:\/\/biomimicry.eu\/forets\/wp-content\/uploads\/2020\/07\/francoisplessis.jpg 200w, https:\/\/biomimicry.eu\/forets\/wp-content\/uploads\/2020\/07\/francoisplessis-150x150.jpg 150w\" sizes=\"(max-width: 200px) 100vw, 200px\" \/><\/figure><div class=\"wp-block-media-text__content\">\n<p class=\"has-small-font-size\"><strong>Tr\u00e9sorier<\/strong><\/p>\n\n\n\n<h5>Fran\u00e7ois Plessis<\/h5>\n\n\n\n<p>Coordinateur, traducteur-interpr\u00e8te, passionn\u00e9 de cultures, d&#8217;agroforesterie et de r\u00e9flexions li\u00e9es \u00e0 l&#8217;autosuffisance des populations, Fran\u00e7ois a rejoint l&#8217;association en 2019 en tant que tr\u00e9sorier et b\u00e9n\u00e9vole. Il anime les r\u00e9unions de pilotage et participe \u00e0 l&#8217;organisation administrative de l&#8217;association.<\/p>\n<\/div><\/div>\n<\/div><\/section>\n\n\n\n<section class=\"wp-block-uagb-section uagb-section__wrap uagb-section__background-undefined uagb-block-a7f065a3\"><div class=\"uagb-section__overlay\"><\/div><div class=\"uagb-section__inner-wrap\">\n<h3 class=\"has-text-align-left\">Coordination<\/h3>\n\n\n\n<div style=\"height:30px\" aria-hidden=\"true\" class=\"wp-block-spacer\"><\/div>\n\n\n\n<div class=\"wp-block-media-text alignwide is-stacked-on-mobile is-vertically-aligned-center\" style=\"grid-template-columns:15% auto\"><figure class=\"wp-block-media-text__media\"><img loading=\"lazy\" width=\"346\" height=\"346\" src=\"https:\/\/biomimicry.eu\/forets\/wp-content\/uploads\/2020\/07\/DanielRodary.jpg\" alt=\"\" class=\"wp-image-6145 size-medium\" srcset=\"https:\/\/biomimicry.eu\/forets\/wp-content\/uploads\/2020\/07\/DanielRodary.jpg 346w, https:\/\/biomimicry.eu\/forets\/wp-content\/uploads\/2020\/07\/DanielRodary-300x300.jpg 300w, https:\/\/biomimicry.eu\/forets\/wp-content\/uploads\/2020\/07\/DanielRodary-150x150.jpg 150w\" sizes=\"(max-width: 346px) 100vw, 346px\" \/><\/figure><div class=\"wp-block-media-text__content\">\n<p class=\"has-small-font-size\"><strong>Coordinateur g\u00e9n\u00e9ral<\/strong><\/p>\n\n\n\n<h5>Daniel Rodary<\/h5>\n\n\n\n<p>\u00c9cologiste, biomim\u00e9ticien, permaculteur, Daniel a fond\u00e9 l&#8217;association en 2009 et a coordonn\u00e9 le projet en Ha\u00efti d\u00e8s ses d\u00e9buts. Ayant r\u00e9sid\u00e9 en Inde du Sud, Daniel s&#8217;implique aussi sur des projets de reforestation et de restauration de zones naturelles, dans des projets de permaculture. Il nourrit ses r\u00e9flexions en participant au mouvement Deep Adaptation en Inde et en France.<\/p>\n<\/div><\/div>\n\n\n\n<div class=\"wp-block-media-text alignwide is-stacked-on-mobile\" style=\"grid-template-columns:15% auto\"><figure class=\"wp-block-media-text__media\"><img loading=\"lazy\" width=\"823\" height=\"823\" src=\"https:\/\/biomimicry.eu\/forets\/wp-content\/uploads\/2020\/07\/PortraitPhoto-RoxPlants.jpg\" alt=\"\" class=\"wp-image-6129 size-medium\" srcset=\"https:\/\/biomimicry.eu\/forets\/wp-content\/uploads\/2020\/07\/PortraitPhoto-RoxPlants.jpg 823w, https:\/\/biomimicry.eu\/forets\/wp-content\/uploads\/2020\/07\/PortraitPhoto-RoxPlants-300x300.jpg 300w, https:\/\/biomimicry.eu\/forets\/wp-content\/uploads\/2020\/07\/PortraitPhoto-RoxPlants-150x150.jpg 150w, https:\/\/biomimicry.eu\/forets\/wp-content\/uploads\/2020\/07\/PortraitPhoto-RoxPlants-768x768.jpg 768w\" sizes=\"(max-width: 823px) 100vw, 823px\" \/><\/figure><div class=\"wp-block-media-text__content\">\n<p class=\"has-small-font-size\"><strong>Directrice des nouvelles initiatives, responsable du projet Mexicain<\/strong><\/p>\n\n\n\n<h5>Lauren Salm<\/h5>\n\n\n\n<p>Lauren a v\u00e9cu dans la p\u00e9ninsule du Yucatan pendant trois ans, o\u00f9 elle a d\u00e9couvert les multiples avantages de l&#8217;arbre maya. En plus de son travail avec For\u00eats Communes, Lauren est artiste peintre et s\u2019est form\u00e9e en \u201cArts-Based Perceptual Ecology\u201d. Lauren croit fermement \u00e0 l&#8217;intersection entre la nature et la culture. Elle utilise l&#8217;art pour \u00e9veiller l&#8217;int\u00e9r\u00eat \u00e0 la pr\u00e9servation de l&#8217;environnement et r\u00e9int\u00e9grer la sagesse indig\u00e8ne dans ces sujets.<\/p>\n<\/div><\/div>\n<\/div><\/section>\n\n\n\n<div style=\"height:50px\" aria-hidden=\"true\" class=\"wp-block-spacer\"><\/div>\n\n\n\n<section class=\"wp-block-uagb-section uagb-section__wrap uagb-section__background-undefined uagb-block-4b93362c\"><div class=\"uagb-section__overlay\"><\/div><div class=\"uagb-section__inner-wrap\">\n<h3 class=\"has-text-align-left\">Volontaires<\/h3>\n\n\n\n<div class=\"wp-block-uagb-info-box uagb-block-37606116 uagb-infobox__content-wrap  uagb-infobox-icon-left uagb-infobox-left uagb-infobox-stacked-tablet uagb-infobox-image-valign-middle\"><div class=\"uagb-ifb-image-content\"><img src=\"https:\/\/biomimicry.eu\/forets\/wp-content\/uploads\/2021\/12\/Hugo-PhotoProfil-2.png\" alt=\"\" width=\"170\" height=\"170\" loading=\"lazy\"\/><\/div><div class=\"uagb-ifb-content\"><div class=\"uagb-ifb-title-wrap\"><h5 class=\"uagb-ifb-title\">Hugo Bachellier<\/h5><\/div><p class=\"uagb-ifb-desc\">Ing\u00e9nieur dipl\u00f4m\u00e9 en G\u00e9nie des Syst\u00e8mes Urbains et passionn\u00e9 par le biomim\u00e9tisme, Hugo commence en 2016 par cr\u00e9er l&#8217;association \u00e9tudiante <em>Myc\u00e9lium <\/em>\u00e0 l&#8217;Universit\u00e9 de Technologie de Compi\u00e8gne pour diffuser cette approche. Convaincu des opportunit\u00e9s du biomim\u00e9tisme vers une transition souhaitable, il rejoint le Ceebios en 2017 pour accompagner le d\u00e9ploiement du biomim\u00e9tisme en France.&nbsp;Il int\u00e8gre l&#8217;\u00e9quipe de For\u00eats Communes en 2021.<br>&nbsp;<\/p><\/div><\/div>\n\n\n\n<div style=\"height:30px\" aria-hidden=\"true\" class=\"wp-block-spacer\"><\/div>\n\n\n\n<div class=\"wp-block-uagb-info-box uagb-block-633102b7 uagb-infobox__content-wrap  uagb-infobox-icon-left uagb-infobox-left uagb-infobox-stacked-tablet uagb-infobox-image-valign-middle\"><div class=\"uagb-ifb-image-content\"><img src=\"https:\/\/biomimicry.eu\/forets\/wp-content\/uploads\/2020\/05\/Feuilles-MNT-CL.jpg\" alt=\"\" width=\"170\" height=\"182\" loading=\"lazy\"\/><\/div><div class=\"uagb-ifb-content\"><div class=\"uagb-ifb-title-wrap\"><h5 class=\"uagb-ifb-title\">L\u00e9a Garreau<\/h5><\/div><p class=\"uagb-ifb-desc\">L\u00e9a fait un stage chez For\u00eats Communes en 2021 pendant sa derni\u00e8re ann\u00e9e d&#8217;\u00e9tudes d&#8217;ing\u00e9nieur en gestion des milieux naturels \u00e0 AgroParisTech. Elle poursuit sa carri\u00e8re \u00e0 l&#8217;INRAE d&#8217;Avignon dans un programme d&#8217;\u00e9tude de la r\u00e9silience des syst\u00e8mes agroforestiers par une approche participative.<\/p><\/div><\/div>\n<\/div><\/section>\n\n\n\n<section class=\"wp-block-uagb-section uagb-section__wrap uagb-section__background-none uagb-block-ad0b9722\"><div class=\"uagb-section__overlay\"><\/div><div class=\"uagb-section__inner-wrap\">\n<h3 class=\"has-text-align-left\">Statuts<\/h3>\n\n\n\n<div class=\"wp-block-file\"><a href=\"https:\/\/biomimicry.eu\/forets\/wp-content\/uploads\/2025\/05\/FoCo-Statuts-signes-2021.pdf\">FoCo-Statuts signes 2021<\/a><a href=\"https:\/\/biomimicry.eu\/forets\/wp-content\/uploads\/2025\/05\/FoCo-Statuts-signes-2021.pdf\" class=\"wp-block-file__button\" download>Download<\/a><\/div>\n\n\n\n<div style=\"height:30px\" aria-hidden=\"true\" class=\"wp-block-spacer\"><\/div>\n<\/div><\/section>\n","protected":false},"excerpt":{"rendered":"","protected":false},"author":1,"featured_media":0,"parent":0,"menu_order":0,"comment_status":"closed","ping_status":"closed","template":"","meta":{"_uag_custom_page_level_css":"","site-sidebar-layout":"no-sidebar","site-content-layout":"page-builder","ast-site-content-layout":"full-width-container","site-content-style":"unboxed","site-sidebar-style":"unboxed","ast-global-header-display":"","ast-banner-title-visibility":"","ast-main-header-display":"","ast-hfb-above-header-display":"","ast-hfb-below-header-display":"","ast-hfb-mobile-header-display":"","site-post-title":"disabled","ast-breadcrumbs-content":"","ast-featured-img":"disabled","footer-sml-layout":"","theme-transparent-header-meta":"default","adv-header-id-meta":"","stick-header-meta":"","header-above-stick-meta":"","header-main-stick-meta":"","header-below-stick-meta":"","astra-migrate-meta-layouts":"set","ast-page-background-enabled":"default","ast-page-background-meta":{"desktop":{"background-color":"var(--ast-global-color-4)","background-image":"","background-repeat":"repeat","background-position":"center center","background-size":"auto","background-attachment":"scroll","background-type":"","background-media":"","overlay-type":"","overlay-color":"","overlay-opacity":"","overlay-gradient":""},"tablet":{"background-color":"","background-image":"","background-repeat":"repeat","background-position":"center center","background-size":"auto","background-attachment":"scroll","background-type":"","background-media":"","overlay-type":"","overlay-color":"","overlay-opacity":"","overlay-gradient":""},"mobile":{"background-color":"","background-image":"","background-repeat":"repeat","background-position":"center center","background-size":"auto","background-attachment":"scroll","background-type":"","background-media":"","overlay-type":"","overlay-color":"","overlay-opacity":"","overlay-gradient":""}},"ast-content-background-meta":{"desktop":{"background-color":"var(--ast-global-color-5)","background-image":"","background-repeat":"repeat","background-position":"center center","background-size":"auto","background-attachment":"scroll","background-type":"","background-media":"","overlay-type":"","overlay-color":"","overlay-opacity":"","overlay-gradient":""},"tablet":{"background-color":"var(--ast-global-color-5)","background-image":"","background-repeat":"repeat","background-position":"center center","background-size":"auto","background-attachment":"scroll","background-type":"","background-media":"","overlay-type":"","overlay-color":"","overlay-opacity":"","overlay-gradient":""},"mobile":{"background-color":"var(--ast-global-color-5)","background-image":"","background-repeat":"repeat","background-position":"center center","background-size":"auto","background-attachment":"scroll","background-type":"","background-media":"","overlay-type":"","overlay-color":"","overlay-opacity":"","overlay-gradient":""}}},"uagb_featured_image_src":{"full":false,"thumbnail":false,"medium":false,"medium_large":false,"large":false,"1536x1536":false,"2048x2048":false},"uagb_author_info":{"display_name":"GestionEtAdminFORETS","author_link":"https:\/\/biomimicry.eu\/forets\/author\/gestionetadminforets\/"},"uagb_comment_info":0,"uagb_excerpt":null,"_links":{"self":[{"href":"https:\/\/biomimicry.eu\/forets\/wp-json\/wp\/v2\/pages\/5182"}],"collection":[{"href":"https:\/\/biomimicry.eu\/forets\/wp-json\/wp\/v2\/pages"}],"about":[{"href":"https:\/\/biomimicry.eu\/forets\/wp-json\/wp\/v2\/types\/page"}],"author":[{"embeddable":true,"href":"https:\/\/biomimicry.eu\/forets\/wp-json\/wp\/v2\/users\/1"}],"replies":[{"embeddable":true,"href":"https:\/\/biomimicry.eu\/forets\/wp-json\/wp\/v2\/comments?post=5182"}],"version-history":[{"count":95,"href":"https:\/\/biomimicry.eu\/forets\/wp-json\/wp\/v2\/pages\/5182\/revisions"}],"predecessor-version":[{"id":7468,"href":"https:\/\/biomimicry.eu\/forets\/wp-json\/wp\/v2\/pages\/5182\/revisions\/7468"}],"wp:attachment":[{"href":"https:\/\/biomimicry.eu\/forets\/wp-json\/wp\/v2\/media?parent=5182"}],"curies":[{"name":"wp","href":"https:\/\/api.w.org\/{rel}","templated":true}]}}